Is 31 a factor of 7580492?
True
Is 10349034 a multiple of 222?
False
Is 283 a factor of 1152668?
False
Is 54 a factor of 1708174?
False
Does 249 divide 1661328?
True
Is 21798 a multiple of 14?
True
Is 242 a factor of 1479104?
True
Is 74 a factor of 1388462?
True
Does 86 divide 261698?
True
Is 540 a factor of 3258080?
False
Is 145 a factor of 60840?
False
Is 39 a factor of 92703?
True
Is 1628714 a multiple of 11?
False
Does 8 divide 47407?
False
Does 303 divide 293639?
False
Is 62 a factor of 971573?
False
Does 26 divide 11912316?
True
Does 468 divide 239416?
False
Is 2 a factor of 23945?
False
Does 949 divide 3280544?
False
Is 172434 a multiple of 58?
True
Is 4 a factor of 132812?
True
Does 130 divide 547170?
True
Does 40 divide 67926?
False
Is 434976 a multiple of 46?
True
Is 73008 a multiple of 117?
True
Is 8 a factor of 623945?
False
Is 249798 a multiple of 62?
True
Does 3 divide 111682?
False
Does 16 divide 624468?
False
Is 351 a factor of 2173392?
True
Is 63 a factor of 5781394?
False
Is 851446 a multiple of 57?
False
Is 29106 a multiple of 27?
True
Is 331 a factor of 451484?
True
Is 18 a factor of 82026?
True
Does 3 divide 57747?
True
Does 274 divide 428536?
True
Does 49 divide 890174?
False
Is 25443 a multiple of 33?
True
Does 212 divide 878316?
True
Is 881105 a multiple of 250?
False
Is 2127352 a multiple of 210?
False
Is 204 a factor of 665040?
True
Does 32 divide 388801?
False
Is 503 a factor of 151906?
True
Is 1278900 a multiple of 69?
False
Is 100 a factor of 4606900?
True
Does 305 divide 4926105?
False
Is 4194444 a multiple of 68?
True
Does 7 divide 16403?
False
Is 5 a factor of 4969981?
False
Does 19 divide 756561?
True
Is 11834910 a multiple of 1710?
True
Is 7 a factor of 1334774?
True
Does 6 divide 67145?
False
Is 845756 a multiple of 92?
True
Is 35 a factor of 381745?
True
Is 250 a factor of 307407?
False
Does 1187 divide 1194122?
True
Is 126 a factor of 2447970?
False
Is 114 a factor of 112518?
True
Is 13 a factor of 71850?
False
Does 197 divide 567951?
True
Is 4 a factor of 769060?
True
Is 24 a factor of 117178?
False
Is 176 a factor of 8840304?
True
Does 17 divide 126174?
True
Is 14 a factor of 122319?
False
Is 609 a factor of 4405639?
False
Is 475 a factor of 280512?
False
Is 99 a factor of 200178?
True
Is 62445 a multiple of 247?
False
Is 10649425 a multiple of 39?
False
Is 9188472 a multiple of 190?
False
Does 192 divide 235200?
True
Is 5651361 a multiple of 55?
False
Does 124 divide 22470?
False
Is 16 a factor of 6956633?
False
Does 34 divide 25934?
False
Does 48 divide 7189506?
False
Does 8 divide 457024?
True
Is 629370 a multiple of 126?
True
Is 1517 a factor of 1066451?
True
Does 57 divide 851238?
True
Is 87 a factor of 243141?
False
Is 377055 a multiple of 81?
True
Is 1009373 a multiple of 3?
False
Is 4291855 a multiple of 5?
True
Does 28 divide 127736?
True
Does 57 divide 9779120?
False
Does 5 divide 203804?
False
Is 11654377 a multiple of 926?
False
Is 400456 a multiple of 56?
True
Is 2185043 a multiple of 153?
False
Is 6108192 a multiple of 72?
True
Is 157 a factor of 82582?
True
Does 871 divide 233495?
False
Is 127155 a multiple of 269?
False
Does 7 divide 30235?
False
Is 17 a factor of 2121328?
True
Is 6596766 a multiple of 66?
True
Is 395736 a multiple of 12?
True
Is 1982004 a multiple of 60?
False
Is 2115317 a multiple of 18?
False
Does 8 divide 16120?
True
Does 35 divide 222096?
False
Is 41 a factor of 69413?
True
Does 9 divide 9229861?
False
Is 398240 a multiple of 19?
True
Is 1596787 a multiple of 40?
False
Does 30 divide 343608?
False
Is 29 a factor of 74146?
False
Is 30 a factor of 1140830?
False
Is 1009894 a multiple of 12?
False
Is 639 a factor of 1961730?
True
Does 10 divide 4586100?
True
Is 418552 a multiple of 25?
False
Is 22 a factor of 12816078?
True
Is 215 a factor of 16946945?
True
Does 34 divide 37186?
False
Is 70 a factor of 8743770?
True
Is 385 a factor of 29421?
False
Is 293113 a multiple of 31?
False
Does 37 divide 952787?
True
Is 129202 a multiple of 322?
False
Does 414 divide 966276?
True
Is 12 a factor of 1882193?
False
Does 53 divide 848023?
False
Is 2 a factor of 34722?
True
Is 591202 a multiple of 55?
False
Is 21961886 a multiple of 759?
False
Is 369 a factor of 59409?
True
Is 2132159 a multiple of 443?
True
Is 6294474 a multiple of 59?
True
Does 6 divide 392676?
True
Is 347581 a multiple of 272?
False
Does 1026 divide 2124846?
True
Does 3 divide 90181?
False
Is 149 a factor of 9943749?
False
Is 1050284 a multiple of 28?
False
Is 7400 a multiple of 37?
True
Is 81413 a multiple of 35?
False
Is 203400 a multiple of 20?
True
Is 43 a factor of 52890?
True
Does 6 divide 2367514?
False
Is 1627724 a multiple of 7?
True
Is 11430992 a multiple of 1684?
True
Is 272743 a multiple of 221?
False
Is 6357247 a multiple of 18?
False
Does 9 divide 418520?
False
Does 939 divide 2355951?
True
Is 120655 a multiple of 64?
False
Is 1339254 a multiple of 378?
True
Does 75 divide 6451148?
False
Does 100 divide 21800?
True
Is 4549573 a multiple of 89?
False
Is 353626 a multiple of 469?
True
Is 332930 a multiple of 338?
True
Is 6804134 a multiple of 29?
False
Does 850 divide 17969850?
True
Does 42 divide 206907?
False
Is 338039 a multiple of 50?
False
Is 134100 a multiple of 447?
True
Does 15 divide 12448?
False
Is 6 a factor of 1094550?
True
Does 7 divide 978590?
False
Is 12 a factor of 11452?
False
Does 42 divide 563766?
True
Does 80 divide 1956853?
False
Is 45 a factor of 45819?
False
Is 11 a factor of 1905321?
True
Is 1392054 a multiple of 38?
True
Is 162855 a multiple of 7?
True
Is 22 a factor of 271575?
False
Does 8 divide 1623843?
False
Is 15 a factor of 2438055?
True
Is 122 a factor of 120866?
False
Is 127042 a multiple of 713?
False
Is 1207 a factor of 2377104?
False
Is 852 a factor of 752316?
True
Does 918 divide 1156680?
True
Is 212 a factor of 13695080?
False
Does 4 divide 4615100?
True
Does 56 divide 2029990?
False
Is 4 a factor of 331911?
False
Is 14 a factor of 4898243?
False
Is 268877 a multiple of 157?
False
Does 48 divide 122016?
True
Is 43 a factor of 449557?
False
Is 19027 a multiple of 71?
False
Does 4 divide 832975?
False
Is 53 a factor of 57929?
True
Is 99 a factor of 214240?
False
Is 201 a factor of 2106681?
True
Does 64 divide 187643?
False
Is 2780287 a multiple of 438?
False
Is 19 a factor of 1406771?
False
Is 115 a factor of 185645?
False
Is 10 a factor of 79040?
True
Is 36 a factor of 3361104?
True
Is 1536600 a multiple of 78?
True
Does 48 divide 11154912?
True
Is 59 a factor of 5243011?
False
Does 27 divide 384087?
False
Is 1130220 a multiple of 234?
True
Is 121 a factor of 3124659?
False
Is 132020 a multiple of 23?
True
Is 474 a factor of 122668?
False
Is 14184 a multiple of 72?
True
Is 221000 a multiple of 136?
True
Is 2215 a multiple of 3?
False
Is 22 a factor of 3773154?
True
Is 1206 a factor of 2017638?
True
Is 13 a factor of 333840?
True
Is 29 a factor of 5316918?
True
Does 28 divide 1254064?
True
Does 169 divide 610090?
True
Is 12 a factor of 486800?
False
Is 25 a factor of 2670874?
False
Does 74 divide 94049?
False
Does 29 divide 543982?
True
Does 47 divide 55413?
True
Is 25520 a multiple of 440?
True
Does 803 divide 2501345?
True
Is 67870 a multiple of 458?
False
Does 315 divide 1435137?
False
Is 82 a factor of 1093242?
False
Does 64 divide 55616?
True
Is 4 a factor of 37411?
False
Does 23 divide 208840?
True
Does 9 divide 367497?
True
Is 477 a factor of 6174765?
True
Does 6 divide 819521?
False
Is 32436889 a multiple of 597?
False
Is 8 a factor of 12333?
False
Is 649446 a multiple of 294?
True
Is 94 a factor of 1636594?
False
Is 10081369 a multiple of 133?
False
Does 412 divide 1043512?
False
Does 557 divide 194950?
True
Is 11 a factor of 301330?
False
Is 1522048 a multiple of 736?
True
Is 8689200 a multiple of 52?
True
Does 376 divide 1077227?
False
Is 23 a factor of 2362933?
False
Is 1192645 a multiple of 34?
False
Does 218 divide 7676721?
False
Does 6 divide 12529945?
False
Is 22220 a multiple of 10?
True
Is 279242 a multiple of 156?
False
Is 5 a factor of 35515?
True
Is 2 a factor of 160550?
True
Is 2395629 a multiple of 249?
True
Does 34 divide 14166?
False
Is 10702 a multiple of 20?
False
Does 22 divide 10092451?
False
Is 164 a factor of 285256?
False
Does 9 di